{"id":3495,"date":"2014-07-31T12:10:28","date_gmt":"2014-07-31T12:10:28","guid":{"rendered":"http:\/\/trementinalux.com\/Blog\/?post_type=product&#038;p=3495"},"modified":"2014-07-31T12:21:16","modified_gmt":"2014-07-31T12:21:16","slug":"la-melancolia-remontada-6-de","status":"publish","type":"product","link":"https:\/\/trementinalux.com\/Blog\/producto\/la-melancolia-remontada-6-de\/","title":{"rendered":"\u00abLa Melancol\u00eda Remontada\u00bb Secuencia del Amor Universal, 6 de 219 \u00f3 276."},"content":{"rendered":"<p><strong>Es el d\u00eda de la amistad. Env\u00edo a C. y N. un mensaje. Quiero celebrarlo pintando ni\u00f1as nigerianas en las pieles de su espalda.<\/strong><\/p>\n<p>C. Accede. N. no puede. Se muda hoy. N. abandona hoy el estudio. Hoy.<\/p>\n<p>Cuando llego a por las fotocopias de las ni\u00f1as D. me abre la puerta del estudio, sonr\u00ede, ha venido a ayudar en la mudanza. Est\u00e1 oscuro y lleno de ayeres. Melancol\u00eda. N. ha dejado para m\u00ed una de sus mu\u00f1ecas, sobre la mesa, me la regala, todos los regalos que nos hemos hecho est\u00e1n zurzidos ah\u00ed, en su intestino de vampira. Mientras nos abrazamos y le digo -No salgas de mi vida. D. est\u00e1 prob\u00e1ndole un marco a la mu\u00f1equita, intentando encajarla en un espacio imposible, diminuto. Desiste, creo. No lo s\u00e9 porque cierro los ojos cuando beso. Y pienso entonces, en el beso del ad\u00edos, que las mu\u00f1ecas de N. van sin marco.<\/p>\n<p>Salgo con las fotocopias. Las llevo cuidadosamente enrolladas en el transport\u00edn de la bici. Pero no quiero doblarlas, as\u00ed que no las sujeto fuerte. Las perder\u00e9, lo s\u00e9, como perd\u00ed los pinceles en Cerde\u00f1a. Y as\u00ed, en la calle de los adoquines, con los saltos, mirando atr\u00e1s constantemente, las ni\u00f1as desaparecen. Doy media vuelta, alarmada, muy alarmada, no est\u00e1n. Hago un zig zag de serpiente, las busco, nada, dos calles despu\u00e9s veo a lo lejos como el aire desenrolla los ochenta retratos que empiezan a esparcirse y volar frente al viejo refugio de guerra. La bici pesa tanto que no puedo ir m\u00e1s deprisa que el viento. Contra corriente. Vuelan y vuelan, en todas direcciones. Grito dentro de mi -socorro.<\/p>\n<p><strong>Atraes a los hombres que juegan con fuego.<\/strong><\/p>\n<p>Frente al refugio un hombre grueso, rubio, que fuma un cigarro liado y lleva calcetines blancos las empieza a parar con los pies, las pisa, como parando un bal\u00f3n. Llego corriendo, gritando, intentando evitar el desastre, -No las pises! gracias! son m\u00edas! El hombre comienza a recogerlas pesadamente, su barriga se lo impide, a medida que las tiene en sus manos se asombra tanto que yo asumo el rol de quien hace algo sospechoso. -Son retratos, dice con el cigarro consumi\u00e9ndosele en la mano, interrog\u00e1ndome, buscando respuestas&#8230; -S\u00ed, digo. Y de nuevo se vuelven a volar, y de nuevo las vamos recogiendo, como podemos. -Tr\u00e1talas bien, me dice, -si no se van a&#8230; Y no acaba la frase. No le explico nada. Salgo furtiva, le doy las gracias,las sujeto bien, puede que se arruguen, vendr\u00e1n conmigo, a la fuerza, creo.<\/p>\n<p><strong>Los callejones m\u00e1s oscuros y las terrazas m\u00e1s empinadas son tu salvia<\/strong><\/p>\n<p>De camino a casa de C. transito por lugares de mi barrio por los que nunca pas\u00e9. Palacios apuntalados, callejones del tama\u00f1o del manillar de la bici, meados, con detritus, donde contengo el aliento y vuelo pensando en pel\u00edculas sobre ciudades de Africa.<\/p>\n<p>Subimos a la terraza. Con Salvia y una manzana. Con las pinturas de piel compradas en Londres para pintar carnavales. C. ha estado mirando las fotos de las ni\u00f1as en la cocina. Todo le parec\u00eda imposible hasta que Melancol\u00eda la ha mirado. As\u00ed, con melancol\u00eda recortada y mordida en la boca, C. se tumba desnuda y yo me encajo sobre su pelvis, con la m\u00eda, a horcajadas. Comenzamos, es el atardecer de la Luna Roja, suenan las campanadas.<\/p>\n<p><strong>La piel de tu espalda es ancha y firme como las marismas del recuerdo. Siciliana.<\/strong><\/p>\n<p>La paleta es muy reducida. Falsos primarios, blanco y negro. Comienzo hidratando y encajando. Melancol\u00eda es bell\u00edsima y profunda. La esponja difumina y estampa, la piel es quiz\u00e1s el soporte m\u00e1s espectacular que jam\u00e1s he trabajado. Matizo y contrasto y cuando vuelvo sin embargo, la pintura viva desaparece, tras el poro. El poro late, suda, se mueve, deglute las pinceladas. El soporte se r\u00ede. Ahora s\u00e9 que le hago cosquillas a los soportes.<\/p>\n<p>Llega la incomodidad de los empeines. El cambiar de posici\u00f3n. Llega el momento en que decimos basta, el final donde al fin aparece ella, la que a\u00fan no tiene nombre. C. comenta que ha tenido visiones de ciertas im\u00e1genes mientras la pintaba. No puede explicarlas. Al levantarse Ella agacha sus ojos y ante nuestra sorpresa, Ella, la triste ahora, se llama Melancol\u00eda.<\/p>\n<p><strong>Me siento como un puto soporte, una mujer objeto. \u00bfPor qu\u00e9 me haces esto?<\/strong><\/p>\n<p>Ahora es cuando C. se levanta. Desnuda, en la terraza comunitaria. Ahora es cuando vamos a por la idea de C. siempre resonadora, amplificando. -Vamos a salir a pasear y hacerle fotos! Dijiste entusiasmada, querida C. Y llegado el momento C. empieza a posar con incomodidad. Se sujeta a unas argollas en la pared, se coloca junto a los desconchados y las tejas. Junto a las ventanas cerradas y rotas que no dan a ning\u00fan lado. Y todo alcanza un punto s\u00f3rdido, como de tortura. Ninguna entendemos qu\u00e9 sucede, el porqu\u00e9 de las elecciones. Pero el encuadre, el resultado nos desagrada a ambas. Bajo las almohadas y las toallas, por \u00faltimo los pinceles y el agua sucia de las pinturas que ha tomado un inexplicable color turbio, verdoso, especialmente l\u00fabrico.<\/p>\n<p><strong>La ropa que te tapa la boca es el amor callado que te profeso.<br \/>\n<\/strong><\/p>\n<p>C. se intenta vestir para salir sin mancillar el rostro din\u00e1mico de Melancol\u00eda. Todo lo que hace, sin embargo, la tapa. Hasta que da con un vestido de lycra y tafet\u00e1n que le encaja perfectamente. Yo pensaba en ese vestido cuando la pint\u00e9. Pero nunca se lo hab\u00eda visto. Salimos. De camino a la Plaza de la Virgen recordamos al entrar en el pasaje el \u00abTraslado de la Pussy\u00bb y suena entonces la banda sonora de Star Wars.<\/p>\n<p>Hacemos fotos, hablamos, paseamos. Al salir hacia el Palau nos interpela Vodeck, admirado por la espalda de C. Vodeck juega con fuego, todas las noches. Vodeck nos dice, -Los mi\u00e9rcoles vengo a darme. Y eso nos agrada. Vodeck tiene las manos llenas de holl\u00edn, como los amigos de Mary Poppins, urga en su tabaco de liar y dice que ha estado hirviendo litros de trementina con cera para imprimar sus tambores. Vodeck lleva un malet\u00edn en un carrito y un sombrero y un equipo de m\u00fasica, con el que hace sonar Star Wars al final de su espect\u00e1culo, cuando pasa entre los asistentes su agujero negro.<\/p>\n<p>Nos despedimos. Cierro los ojos cuando abrazo, mis manos se cierran sobre los ojos de Melancol\u00eda. Y estamos las tres. Por un momento, quietas y felices, en el portal.<\/p>\n<p><strong>Tambi\u00e9n los jueves vengo a darme y te digo que te quiero, Melancol\u00eda.<\/strong><\/p>\n<p>C. ha dormido con Melancol\u00eda en la espalda, dice que le ha pedido quedarse con ella. Duerme boca abajo. Al despertar me env\u00eda fotos, <em>selfies<\/em> del d\u00eda despu\u00e9s. C. y Melancol\u00eda est\u00e1n viviendo juntas una historia de amor m\u00fatuo y placer. Se esconden la una de la otra, se sienten el cuerpo y se interpelan, se descubren en la ausencia y se reclaman. Si C. sigue dejando correr la tinta por su espalda, durante m\u00e1s horas, me pregunto qu\u00e9 manos sabias podran entonces borrarle, tan agarrada a su espalda, tan latida y perspicaz y tortuosa y sin embargo plena, La Melancol\u00eda Remontada.<\/p>\n<p>Gracias querida C.<br \/>\nTREMENTINA LUX \u00a9 2014<\/p>\n<p>#BringBackOurGirls<br \/>\n#LaMelancoliaRemontada<br \/>\n#LasecuenciadelAmorUniversal<\/p>\n","protected":false},"excerpt":{"rendered":"<p>\u00abLa Melancol\u00eda remontada\u00bb es el sexto de una serie de retratos titulada \u201cLa secuencia del Amor Universal\u201d que toma como referencia los rostros de entre 219 y 276 ni\u00f1as nigerianas libres.<br \/>\nPintura y calma sobre la espalda de C.<\/p>\n<p>TREMENTINA LUX<br \/>\n30 de julio 2014<\/p>\n","protected":false},"featured_media":3504,"comment_status":"open","ping_status":"closed","template":"","meta":{"rop_custom_images_group":[],"rop_custom_messages_group":[],"rop_publish_now":"initial","rop_publish_now_accounts":[],"rop_publish_now_history":[],"rop_publish_now_status":"pending","ngg_post_thumbnail":0},"product_brand":[],"product_cat":[295],"product_tag":[296,297],"class_list":{"0":"post-3495","1":"product","2":"type-product","3":"status-publish","4":"has-post-thumbnail","6":"product_cat-secuencia-del-amor-universal","7":"product_tag-bringbackourgirls","8":"product_tag-lasecuenciadelamoruniversal","10":"first","11":"instock","12":"shipping-taxable","13":"product-type-simple"},"jetpack_likes_enabled":true,"jetpack_sharing_enabled":true,"_links":{"self":[{"href":"https:\/\/trementinalux.com\/Blog\/wp-json\/wp\/v2\/product\/3495","targetHints":{"allow":["GET"]}}],"collection":[{"href":"https:\/\/trementinalux.com\/Blog\/wp-json\/wp\/v2\/product"}],"about":[{"href":"https:\/\/trementinalux.com\/Blog\/wp-json\/wp\/v2\/types\/product"}],"replies":[{"embeddable":true,"href":"https:\/\/trementinalux.com\/Blog\/wp-json\/wp\/v2\/comments?post=3495"}],"wp:featuredmedia":[{"embeddable":true,"href":"https:\/\/trementinalux.com\/Blog\/wp-json\/wp\/v2\/media\/3504"}],"wp:attachment":[{"href":"https:\/\/trementinalux.com\/Blog\/wp-json\/wp\/v2\/media?parent=3495"}],"wp:term":[{"taxonomy":"product_brand","embeddable":true,"href":"https:\/\/trementinalux.com\/Blog\/wp-json\/wp\/v2\/product_brand?post=3495"},{"taxonomy":"product_cat","embeddable":true,"href":"https:\/\/trementinalux.com\/Blog\/wp-json\/wp\/v2\/product_cat?post=3495"},{"taxonomy":"product_tag","embeddable":true,"href":"https:\/\/trementinalux.com\/Blog\/wp-json\/wp\/v2\/product_tag?post=3495"}],"curies":[{"name":"wp","href":"https:\/\/api.w.org\/{rel}","templated":true}]}}