{"id":3470,"date":"2014-07-31T08:09:05","date_gmt":"2014-07-31T08:09:05","guid":{"rendered":"http:\/\/trementinalux.com\/Blog\/?post_type=product&#038;p=3470"},"modified":"2014-07-31T08:09:58","modified_gmt":"2014-07-31T08:09:58","slug":"te-llamare-libertad-secuencia-del-amor-universal-1de-219-o-276","status":"publish","type":"product","link":"https:\/\/trementinalux.com\/Blog\/producto\/te-llamare-libertad-secuencia-del-amor-universal-1de-219-o-276\/","title":{"rendered":"\u201cTe llamar\u00e9 Libertad\u201d. Secuencia del Amor Universal, 1 de 219 \u00f3 276."},"content":{"rendered":"<p><strong>EMPEZAR\u00c9 POR LAS INFLUENCIAS<\/strong><\/p>\n<p>1) Descubr\u00ed en el <a href=\"http:\/\/www.tribunuoro.it\/\">TRIBU de Nuoro<\/a> a Giuseppe Biasi. Todas las retrospectivas cuentan la historia del artista con un antes y un despu\u00e9s del viaje inici\u00e1tico. El viaje que cambia las cosas es una construcci\u00f3n rom\u00e1ntica. Porque todos los d\u00edas pueden ser entendidos como \u00abel viaje\u00bb.<\/p>\n<p>2) Las obras de <a href=\"http:\/\/www.tribunuoro.it\/museociusa\/la-collezione\">Francesco Ciusa<\/a> me sobrecogieron a\u00fan m\u00e1s. En concreto \u00abLa panadera\u00bb. La mezcla de pan y tumba vino a decirme algo as\u00ed como: yo no puedo estar todo el d\u00eda amasando el pan para evitar que el aire te endurezca. Yo no soy la panadera de nadie, soy la sal, eso s\u00ed. Y sin embargo, amaso.<\/p>\n<p>3) Biasi realiz\u00f3 su viaje inici\u00e1tico a Africa. El retrato del <a href=\"http:\/\/www.comune.nuoro.it\/imagezoom.php?photo=8068\">cartel<\/a>\u00a0me recuerda al \u00ab<a href=\"http:\/\/cartelfr.louvre.fr\/cartelfr\/visite?srv=obj_view_obj&amp;objet=cartel_18871_20606_p0000081.001.jpg_obj.html&amp;flag=true\">Portrait d&#8217;une femme noire<\/a>\u00bb de Marie-Guillemine Benoist que est\u00e1 en el Louvre. Algo at\u00e1vico me dice hace tiempo: -b\u00fascalas, p\u00edntalas, como hiciste en \u00ab<a href=\"http:\/\/www.bromera.com\/tl_files\/llibres\/portada\/15\/15124.jpg\">Havanera<\/a>\u00ab.<\/p>\n<p>4) De regreso, el detonante. En el facebook de <a href=\"http:\/\/mujeresconhabitacionpropia.com\/\">Mujeres con Habitaci\u00f3n Propia<\/a> he visto que han pasado 100 d\u00edas. Y hasta aqu\u00ed las influencias ajenas que puedo leer. Gracias.<\/p>\n<p><strong>\u00bfLLEVAS LA CUENTA? \u00bfCIEN D\u00cdAS DE QU\u00c9?<\/strong><\/p>\n<p>Hace cien d\u00edas que doscientas <a href=\"http:\/\/www.publico.es\/internacional\/523736\/escapan-4-de-las-200-ninas-nigerianas-secuestradas-por-boko-haram\">ni\u00f1as nigerianas<\/a> fueron secuestradas. \u00bfDoscientas diecinueve? \u00bfDoscientas setenta y seis&#8230;? He visto el retrato de algunas de ellas en <a href=\"https:\/\/www.facebook.com\/bringbackourgirls\/photos\/a.218486731695701.1073741829.218477488363292\/234815130062861\/?type=1&amp;theater\">Bring Back Our Girls<\/a> y he pensado en las Mujeres africanas de Biasi y en la femme noire de Benoist y en Nadezhda Tolok\u00f3nnikova, <a href=\"http:\/\/trementinalux.com\/Blog\/nadezhda-liberada-ii\/\">La Pussy liberada<\/a>. As\u00ed que si me sigues y sabes de los traslados de la Pussy ya puedes empezar a imaginar lo que llevo entre manos&#8230;<\/p>\n<p><strong>A LA SERIE LA LLAMAR\u00c9: \u00abLA SECUENCIA DEL AMOR UNIVERSAL\u00bb.<\/strong><\/p>\n<p>Hoy he empezado a pintar una serie de retratos de las ni\u00f1as secuestradas en Nigeria. No me preguntes porqu\u00e9, porque me ha salido de las tripas. Confieso que no s\u00e9 si tendr\u00e9 la fortaleza de realizar m\u00e1s de doscientos retratos. Doscientos actos de <a href=\"http:\/\/trementinalux.com\/Blog\/el-traslado-de-la-pussy\/\">AHAM PREMA<\/a> para enviarles energ\u00eda y que pronto sean liberadas. Ya sabes, la pintura como acto cham\u00e1nico. \u00a0\u00bfTendr\u00e1n ellas la fortaleza de aguantar 101 d\u00edas? \u00bfUn solo d\u00eda m\u00e1s?<\/p>\n<p>\u00bfQu\u00e9 puedo hacer yo? Pintar. \u00bfQu\u00e9 puedes hacer t\u00fa? Difundir.<\/p>\n<p><strong>HABLEMOS DEL PROCESO DE TRABAJO. A T\u00cd, LA PRIMERA QUE SALES, \u00abTE LLAMAR\u00c9 LIBERTAD\u00bb. <\/strong><\/p>\n<p>Fotocopio los retratos, tienen muy poca resoluci\u00f3n. Los nombres son ilegibles. Compro tres peque\u00f1os bastidores con lienzo en una tienda china, no quedaban m\u00e1s de ese tama\u00f1o. Las llamo \u00abLas tres hermanas\u00bb. Empiezo. Arranco la tela antigua, la rasgo, la destrozo. Arranco las grapas industriales con un destornillador y unas alicates universales heredadas de mi padre. Escojo un tafet\u00e1n claro para la piel oscura. Hago un corte con la tijera. Rasgo una tira larga de tafet\u00e1n. El hilo se arrastra y se me pega a los brazos, como un cord\u00f3n umbilical. Se llama electricidad est\u00e1tica.<\/p>\n<p>Tenso la tela con cuatro pinzas removibles que no sirven, son muy grandes. Tenso en h\u00famedo. Me descarno los pulgares y grapo met\u00f3dicamente. Jam\u00e1s me hab\u00eda descarnado tanto los dedos tensando algo tan peque\u00f1o. Sangro. Saco el lienzo preparado a secar al sol del umbral de mi estudio. Voy vestida de blanco y azul a\u00f1il, con lentejuelas que refulgen. Tengo urgencia. Siento la urgencia. Planteo una paleta muy ambiciosa. Necesito los pinceles que me robaron en Cagliari. \u00bfMe los robaron? Miento, no los necesito.<\/p>\n<p>Te elijo y recorto tu retrato. Lo separo de los otros. Te estudio fuera de ese conjunto. Te miro sola, creces, como eras antes de esa etiqueta. Eres una mujer hermosa, no una mujer desaparecida, sonr\u00edes en verde, rodeada de amor. Las tijeras son un acto de amor.<\/p>\n<p>Dejo las puertas del estudio abiertas. Entra el sol. Siento hambre. Un hambre atroz. Mordisqueo una sandia. La muerdo intensamente, como si fuera una sand\u00eda prohibida. Siento un hambre que no me pertenece. Con desesperaci\u00f3n. Empiezo a pintarte, con el az\u00facar corriendo por mis venas.<\/p>\n<p>Lo dir\u00e9 bajando el registro. Alucino con tus ganas de salir. Sales turgente, sabia, digna, brutal. Y luego te embarras, te confundes, te ofuscas, est\u00e1s a medias y a\u00fan as\u00ed entre los contrastes, hermosa en tu libertad.<\/p>\n<p>Te protejo de los taladros y las voces masculinas que discuten sobre ese cable que pende sobre nuestras cabezas. Taladran mientras naces. Cierro la puerta. Ellos me dicen amablemente, -s\u00ed mejor, as\u00ed no te entrar\u00e1 polvo. Siento el ruido como acoso y peligro, y las historias rom\u00e1nticas sobre viajes inici\u00e1ticos y mujeres africanas tendidas sensualmente con <a href=\"http:\/\/lnx.whipart.it\/imagesart5\/1224524406-faisha.jpg\">grilletes<\/a> en los pies, me resultan hoy algo insultante. Espero que est\u00e9s bien y que pronto vivas rodeada de quienes verdaderamente te aman.<\/p>\n<p>\u00abTe llamar\u00e9 libertad\u00bb. Todo por venir. #bringbackourgirls<\/p>\n<p>TREMENTINA LUX \u00a9 2014<br \/>\n#bringbackourgirls<br \/>\n#TellamareLibertad<br \/>\n#LasecuenciadelAmorUniversal<\/p>\n","protected":false},"excerpt":{"rendered":"<p>\u00abTe llamar\u00e9 Libertad\u00bb es el primero de una serie de retratos titulada \u00abLa secuencia del Amor Universal\u00bb que toma como referencia los rostros de entre 219 y 276 ni\u00f1as nigerianas libres.<br \/>\nAmor acr\u00edlico sobre tafet\u00e1n de seda. <\/p>\n<p>TREMENTINA LUX<br \/>\n23 de julio 2014<\/p>\n","protected":false},"featured_media":3471,"comment_status":"open","ping_status":"closed","template":"","meta":{"rop_custom_images_group":[],"rop_custom_messages_group":[],"rop_publish_now":"initial","rop_publish_now_accounts":[],"rop_publish_now_history":[],"rop_publish_now_status":"pending","ngg_post_thumbnail":0},"product_brand":[],"product_cat":[295],"product_tag":[],"class_list":{"0":"post-3470","1":"product","2":"type-product","3":"status-publish","4":"has-post-thumbnail","6":"product_cat-secuencia-del-amor-universal","8":"first","9":"instock","10":"shipping-taxable","11":"product-type-simple"},"jetpack_likes_enabled":true,"jetpack_sharing_enabled":true,"_links":{"self":[{"href":"https:\/\/trementinalux.com\/Blog\/wp-json\/wp\/v2\/product\/3470","targetHints":{"allow":["GET"]}}],"collection":[{"href":"https:\/\/trementinalux.com\/Blog\/wp-json\/wp\/v2\/product"}],"about":[{"href":"https:\/\/trementinalux.com\/Blog\/wp-json\/wp\/v2\/types\/product"}],"replies":[{"embeddable":true,"href":"https:\/\/trementinalux.com\/Blog\/wp-json\/wp\/v2\/comments?post=3470"}],"wp:featuredmedia":[{"embeddable":true,"href":"https:\/\/trementinalux.com\/Blog\/wp-json\/wp\/v2\/media\/3471"}],"wp:attachment":[{"href":"https:\/\/trementinalux.com\/Blog\/wp-json\/wp\/v2\/media?parent=3470"}],"wp:term":[{"taxonomy":"product_brand","embeddable":true,"href":"https:\/\/trementinalux.com\/Blog\/wp-json\/wp\/v2\/product_brand?post=3470"},{"taxonomy":"product_cat","embeddable":true,"href":"https:\/\/trementinalux.com\/Blog\/wp-json\/wp\/v2\/product_cat?post=3470"},{"taxonomy":"product_tag","embeddable":true,"href":"https:\/\/trementinalux.com\/Blog\/wp-json\/wp\/v2\/product_tag?post=3470"}],"curies":[{"name":"wp","href":"https:\/\/api.w.org\/{rel}","templated":true}]}}