{"id":7381,"date":"2020-08-24T12:42:28","date_gmt":"2020-08-24T12:42:28","guid":{"rendered":"http:\/\/trementinalux.com\/Blog\/?page_id=7381"},"modified":"2020-08-24T12:42:28","modified_gmt":"2020-08-24T12:42:28","slug":"sangsavia-tools-12-app-para-identificar-arboles12-app-per-a-identificar-arbres12-app-to-identify-trees","status":"publish","type":"page","link":"https:\/\/trementinalux.com\/Blog\/sangsavia-tools-12-app-para-identificar-arboles12-app-per-a-identificar-arbres12-app-to-identify-trees\/","title":{"rendered":"Sangsavia tools: 12 App para identificar \u00e1rboles\/12 App per a identificar arbres\/12 App\u00a0to identify trees\/\u00a0"},"content":{"rendered":"<p><img decoding=\"async\" class=\"size-full wp-image-7393\" src=\"http:\/\/trementinalux.com\/Blog\/wp-content\/uploads\/2020\/08\/APP-identificaci\u00f3n-arboles-sangsavia.jpg\" alt=\"APP identificaci\u00f3n arboles sangsavia\" width=\"1080\" height=\"810\" srcset=\"https:\/\/trementinalux.com\/Blog\/wp-content\/uploads\/2020\/08\/APP-identificaci\u00f3n-arboles-sangsavia.jpg 1080w, https:\/\/trementinalux.com\/Blog\/wp-content\/uploads\/2020\/08\/APP-identificaci\u00f3n-arboles-sangsavia-300x225.jpg 300w, https:\/\/trementinalux.com\/Blog\/wp-content\/uploads\/2020\/08\/APP-identificaci\u00f3n-arboles-sangsavia-768x576.jpg 768w, https:\/\/trementinalux.com\/Blog\/wp-content\/uploads\/2020\/08\/APP-identificaci\u00f3n-arboles-sangsavia-580x435.jpg 580w, https:\/\/trementinalux.com\/Blog\/wp-content\/uploads\/2020\/08\/APP-identificaci\u00f3n-arboles-sangsavia-380x285.jpg 380w, https:\/\/trementinalux.com\/Blog\/wp-content\/uploads\/2020\/08\/APP-identificaci\u00f3n-arboles-sangsavia-280x210.jpg 280w\" sizes=\"(max-width: 1080px) 100vw, 1080px\" \/><\/p>\n<p><strong>12 App para identificar \u00e1rboles<\/strong><\/p>\n<p>Aqu\u00ed tienes doce enlaces que te permitir\u00e1n identificar seres arb\u00f3reos, plantas y flores mediante tu dispositivo m\u00f3vil. Basta tomar una imagen y compararla con los resultados que las distintas bases de datos te ofrecen. Muchos de ellos parten de proyectos cient\u00edficos que se desarrollan en comunidad con la colaboraci\u00f3n de las personas usuarias. Gracias a ello ofrecen una biodiversidad planetaria. Desde Sangsavia te invitamos a explorar y conocer con afecto la infinidad de seres arb\u00f3reos que nos rodean.<\/p>\n<p><span style=\"color: #ff0000;\"><strong>12 App per a identificar arbres<\/strong><\/span><\/p>\n<p><span style=\"color: #ff0000;\">Ac\u00ed tens dotze enlla\u00e7os que et permetran identificar \u00e9ssers arboris, plantes i flors mitjan\u00e7ant el teu dispositiu m\u00f2bil. Basta prendre una imatge i comparar-la amb els resultats que les diferents bases de dades t&#8217;ofereixen. Molts d&#8217;ells parteixen de projectes cient\u00edfics que es desenvolupen en comunitat amb la col\u00b7laboraci\u00f3 de les persones usu\u00e0ries. Gr\u00e0cies a aix\u00f2 ofereixen una biodiversitat planet\u00e0ria. Des de&nbsp;Sangsavia&nbsp;et convidem a explorar i con\u00e9ixer amb afecte la infinitat d&#8217;\u00e9ssers arboris que ens envolten.<\/span><\/p>\n<p><span style=\"color: #339966;\"><strong>12 App to identify trees<\/strong><\/span><\/p>\n<p><span style=\"color: #339966;\">Here are twelve links that will allow you to identify arboreal beings, plants and flowers through your mobile device. Just take an image and compare it with the results that the different databases offer you. Many of them are based on scientific projects that are developed in community with the collaboration of users. Thanks to this they offer a planetary biodiversity. From Sangsavia we invite you to explore and know with affection the infinity of arboreal beings that surround us.<\/span><\/p>\n<table style=\"height: 93px; background-color: #b7fca4; border-color: #ffffff;\" width=\"922\">\n<tbody>\n<tr>\n<td colspan=\"4\"><strong>Sangsavia tools: 12 App&nbsp;to identify trees\/&nbsp;12 App para identificar \u00e1rboles\/12 App per a identificar arbres<\/strong><\/td>\n<\/tr>\n<tr>\n<td>&nbsp;<a href=\"http:\/\/www.arbolapp.es\/\">1. ArbolApp<\/a><\/td>\n<td>&nbsp;<a href=\"https:\/\/plantidentifier.info\/\">4. LeafSnap<\/a><\/td>\n<td>&nbsp;<a href=\"https:\/\/play.google.com\/store\/apps\/details?id=app.plant.identification&amp;hl=en\">7. Plant Lens<\/a><\/td>\n<td>&nbsp;<a href=\"https:\/\/play.google.com\/store\/apps\/details?id=org.pottssoftware.agps21&amp;hl=en_US\">10. Virginia Tech Tree ID<\/a><\/td>\n<\/tr>\n<tr>\n<td>&nbsp;<a href=\"https:\/\/plantnet.org\/en\/\">2. PlantNet<\/a><\/td>\n<td>&nbsp;<a href=\"https:\/\/www.inaturalist.org\/\">5. iNaturalist<\/a><\/td>\n<td>&nbsp;<a href=\"https:\/\/lens.google.com\/\">8. Google Lens<\/a><\/td>\n<td>&nbsp;<a href=\"https:\/\/play.google.com\/store\/apps\/details?id=com.inaturewatch.trees\">11. iTrees App<\/a><\/td>\n<\/tr>\n<tr>\n<td>&nbsp;<a href=\"https:\/\/floraincognita.com\/\">3. FloraInc\u00f3gnita<\/a><\/td>\n<td>&nbsp;<a href=\"https:\/\/www.picturethisai.com\/\">6. Picture This<\/a><\/td>\n<td>&nbsp;<a href=\"https:\/\/play.google.com\/store\/apps\/details?id=org.naturemobile.treesfree&amp;hl=es_419\">9. iKnow Trees 2 LITE<\/a><\/td>\n<td>&nbsp;<a href=\"https:\/\/play.google.com\/store\/apps\/details?id=com.fresh.mind.plantation\">12. Tamil Nadu Treepedia<\/a><\/td>\n<\/tr>\n<\/tbody>\n<\/table>\n<p>&nbsp;<\/p>\n<p>&nbsp;<\/p>\n","protected":false},"excerpt":{"rendered":"<p>12 App para identificar \u00e1rboles Aqu\u00ed tienes doce enlaces que te permitir\u00e1n identificar seres arb\u00f3reos, plantas y flores mediante tu dispositivo m\u00f3vil. Basta tomar una imagen y compararla con los resultados que las distintas bases de datos te ofrecen. Muchos de ellos parten de proyectos cient\u00edficos que se desarrollan en comunidad con la colaboraci\u00f3n de [&hellip;]<\/p>\n","protected":false},"author":1,"featured_media":0,"parent":0,"menu_order":0,"comment_status":"closed","ping_status":"closed","template":"","meta":{"rop_custom_images_group":[],"rop_custom_messages_group":[],"rop_publish_now":"initial","rop_publish_now_accounts":[],"rop_publish_now_history":[],"rop_publish_now_status":"pending","ngg_post_thumbnail":0,"footnotes":""},"class_list":["post-7381","page","type-page","status-publish","hentry"],"jetpack_likes_enabled":true,"jetpack_sharing_enabled":true,"_links":{"self":[{"href":"https:\/\/trementinalux.com\/Blog\/wp-json\/wp\/v2\/pages\/7381","targetHints":{"allow":["GET"]}}],"collection":[{"href":"https:\/\/trementinalux.com\/Blog\/wp-json\/wp\/v2\/pages"}],"about":[{"href":"https:\/\/trementinalux.com\/Blog\/wp-json\/wp\/v2\/types\/page"}],"author":[{"embeddable":true,"href":"https:\/\/trementinalux.com\/Blog\/wp-json\/wp\/v2\/users\/1"}],"replies":[{"embeddable":true,"href":"https:\/\/trementinalux.com\/Blog\/wp-json\/wp\/v2\/comments?post=7381"}],"version-history":[{"count":20,"href":"https:\/\/trementinalux.com\/Blog\/wp-json\/wp\/v2\/pages\/7381\/revisions"}],"predecessor-version":[{"id":7402,"href":"https:\/\/trementinalux.com\/Blog\/wp-json\/wp\/v2\/pages\/7381\/revisions\/7402"}],"wp:attachment":[{"href":"https:\/\/trementinalux.com\/Blog\/wp-json\/wp\/v2\/media?parent=7381"}],"curies":[{"name":"wp","href":"https:\/\/api.w.org\/{rel}","templated":true}]}}