{"version":"1.0","provider_name":"Planeta Trementina","provider_url":"https:\/\/trementinalux.com\/Blog","title":"Sobre el miedo el deseo y la indiferencia - Planeta Trementina","type":"rich","width":600,"height":338,"html":"<blockquote class=\"wp-embedded-content\" data-secret=\"rdKV1oeK3N\"><a href=\"https:\/\/trementinalux.com\/Blog\/sobre-el-miedo-el-deseo-y-la-indiferencia\/\">Sobre el miedo el deseo y la indiferencia<\/a><\/blockquote><iframe sandbox=\"allow-scripts\" security=\"restricted\" src=\"https:\/\/trementinalux.com\/Blog\/sobre-el-miedo-el-deseo-y-la-indiferencia\/embed\/#?secret=rdKV1oeK3N\" width=\"600\" height=\"338\" title=\"\u00abSobre el miedo el deseo y la indiferencia\u00bb \u2014 Planeta Trementina\" data-secret=\"rdKV1oeK3N\" frameborder=\"0\" marginwidth=\"0\" marginheight=\"0\" scrolling=\"no\" class=\"wp-embedded-content\"><\/iframe><script type=\"text\/javascript\">\n\/* <![CDATA[ *\/\n\/*! This file is auto-generated *\/\n!function(d,l){\"use strict\";l.querySelector&&d.addEventListener&&\"undefined\"!=typeof URL&&(d.wp=d.wp||{},d.wp.receiveEmbedMessage||(d.wp.receiveEmbedMessage=function(e){var t=e.data;if((t||t.secret||t.message||t.value)&&!\/[^a-zA-Z0-9]\/.test(t.secret)){for(var s,r,n,a=l.querySelectorAll('iframe[data-secret=\"'+t.secret+'\"]'),o=l.querySelectorAll('blockquote[data-secret=\"'+t.secret+'\"]'),c=new RegExp(\"^https?:$\",\"i\"),i=0;i<o.length;i++)o[i].style.display=\"none\";for(i=0;i<a.length;i++)s=a[i],e.source===s.contentWindow&&(s.removeAttribute(\"style\"),\"height\"===t.message?(1e3<(r=parseInt(t.value,10))?r=1e3:~~r<200&&(r=200),s.height=r):\"link\"===t.message&&(r=new URL(s.getAttribute(\"src\")),n=new URL(t.value),c.test(n.protocol))&&n.host===r.host&&l.activeElement===s&&(d.top.location.href=t.value))}},d.addEventListener(\"message\",d.wp.receiveEmbedMessage,!1),l.addEventListener(\"DOMContentLoaded\",function(){for(var e,t,s=l.querySelectorAll(\"iframe.wp-embedded-content\"),r=0;r<s.length;r++)(t=(e=s[r]).getAttribute(\"data-secret\"))||(t=Math.random().toString(36).substring(2,12),e.src+=\"#?secret=\"+t,e.setAttribute(\"data-secret\",t)),e.contentWindow.postMessage({message:\"ready\",secret:t},\"*\")},!1)))}(window,document);\n\/* ]]> *\/\n<\/script>\n","description":"\u00abLa rosa, no buscaba la rosa. Inmovil por el cielo buscaba otra cosa.\u00bb Federico Garc\u00eda Lorca, C\u00e1sida de la rosa. Son las tres y hoy es lunes. Ma\u00f1ana estar\u00e9 en Sicilia, pasando calor. Ayer estuve en Aranda de Duero, pasando fr\u00edo. Ayer desayun\u00e9 en una cafeter\u00eda del centro Arandino. La ma\u00f1ana se orquestaba de trolleys [&hellip;]"}

«La rosa, no buscaba la rosa. Inmovil por el cielo buscaba otra cosa.» Federico García Lorca, Cásida de la rosa. Son las tres y hoy es lunes. Mañana estaré en Sicilia, pasando calor. Ayer estuve en Aranda de Duero, pasando frío. Ayer desayuné en una cafetería del centro Arandino. La mañana se orquestaba de trolleys [&hellip;]
