{"version":"1.0","provider_name":"Planeta Trementina","provider_url":"https:\/\/trementinalux.com\/Blog","title":"Contra Reverte con amor - Planeta Trementina","type":"rich","width":600,"height":338,"html":"<blockquote class=\"wp-embedded-content\" data-secret=\"jlULgL2K72\"><a href=\"https:\/\/trementinalux.com\/Blog\/contra-reverte-con-amor\/\">Contra Reverte con amor<\/a><\/blockquote><iframe sandbox=\"allow-scripts\" security=\"restricted\" src=\"https:\/\/trementinalux.com\/Blog\/contra-reverte-con-amor\/embed\/#?secret=jlULgL2K72\" width=\"600\" height=\"338\" title=\"\u00abContra Reverte con amor\u00bb \u2014 Planeta Trementina\" data-secret=\"jlULgL2K72\" frameborder=\"0\" marginwidth=\"0\" marginheight=\"0\" scrolling=\"no\" class=\"wp-embedded-content\"><\/iframe><script type=\"text\/javascript\">\n\/* <![CDATA[ *\/\n\/*! This file is auto-generated *\/\n!function(d,l){\"use strict\";l.querySelector&&d.addEventListener&&\"undefined\"!=typeof URL&&(d.wp=d.wp||{},d.wp.receiveEmbedMessage||(d.wp.receiveEmbedMessage=function(e){var t=e.data;if((t||t.secret||t.message||t.value)&&!\/[^a-zA-Z0-9]\/.test(t.secret)){for(var s,r,n,a=l.querySelectorAll('iframe[data-secret=\"'+t.secret+'\"]'),o=l.querySelectorAll('blockquote[data-secret=\"'+t.secret+'\"]'),c=new RegExp(\"^https?:$\",\"i\"),i=0;i<o.length;i++)o[i].style.display=\"none\";for(i=0;i<a.length;i++)s=a[i],e.source===s.contentWindow&&(s.removeAttribute(\"style\"),\"height\"===t.message?(1e3<(r=parseInt(t.value,10))?r=1e3:~~r<200&&(r=200),s.height=r):\"link\"===t.message&&(r=new URL(s.getAttribute(\"src\")),n=new URL(t.value),c.test(n.protocol))&&n.host===r.host&&l.activeElement===s&&(d.top.location.href=t.value))}},d.addEventListener(\"message\",d.wp.receiveEmbedMessage,!1),l.addEventListener(\"DOMContentLoaded\",function(){for(var e,t,s=l.querySelectorAll(\"iframe.wp-embedded-content\"),r=0;r<s.length;r++)(t=(e=s[r]).getAttribute(\"data-secret\"))||(t=Math.random().toString(36).substring(2,12),e.src+=\"#?secret=\"+t,e.setAttribute(\"data-secret\",t)),e.contentWindow.postMessage({message:\"ready\",secret:t},\"*\")},!1)))}(window,document);\n\/* ]]> *\/\n<\/script>\n","description":"Que Arturo P\u00e9rez Reverte escriba en el semanal de El Pa\u00eds fue una las razones para dejar de comprar este peri\u00f3dico, pero no fue la \u00fanica, ni la m\u00e1s importante, ser\u00eda un agravio comparativo olvidar que Javier Mar\u00edas tambi\u00e9n escupe su prosa en estas mismas p\u00e1ginas, entre publireportajes y glosas de la obra literaria de [&hellip;]","thumbnail_url":"http:\/\/trementinalux.com\/Blog\/wp-content\/uploads\/2012\/07\/COPADOBLEIFFEL.jpg"}

Que Arturo Pérez Reverte escriba en el semanal de El País fue una las razones para dejar de comprar este periódico, pero no fue la única, ni la más importante, sería un agravio comparativo olvidar que Javier Marías también escupe su prosa en estas mismas páginas, entre publireportajes y glosas de la obra literaria de [&hellip;]
